, 291791
What are the prime factors of 6389392948?
2, 17, 89, 313, 3373
List the prime factors of 46900448.
2, 7, 4273
List the prime factors of 734329599.
3, 244776533
List the prime factors of 1737545810.
2, 5, 7, 11, 13, 23, 7547
List the prime factors of 6611666.
2, 3305833
What are the prime factors of 526084366?
2, 41, 577, 11119
List the prime factors of 442221865.
5, 19, 89, 193, 271
List the prime factors of 4429978095.
3, 5, 367, 397, 2027
List the prime factors of 203695208.
2, 1487, 17123
List the prime factors of 1333296513.
3, 148144057
List the prime factors of 39712470.
2, 3, 5, 7, 19, 37, 269
List the prime factors of 2091972.
2, 3, 174331
What are the prime factors of 125078519?
277, 451547
What are the prime factors of 350906380?
2, 5, 11, 29, 55001
List the prime factors of 93901662.
2, 3, 5216759
What are the prime factors of 2041065896?
2, 255133237
What are the prime factors of 110027671?
13, 8463667
List the prime factors of 857562363.
3, 7, 541, 8387
List the prime factors of 56108632.
2, 103, 149, 457
What are the prime factors of 181177633?
7, 13, 153151
What are the prime factors of 63727226?
2, 31863613
What are the prime factors of 1139541450?
2, 3, 5, 17, 97, 271
What are the prime factors of 734624700?
2, 3, 5, 83, 163, 181
What are the prime factors of 44006326?
2, 7, 13, 241793
What are the prime factors of 88173664?
2, 37, 74471
What are the prime factors of 7815871?
7, 41, 113, 241
List the prime factors of 130981112.
2, 277, 59107
What are the prime factors of 162633355?
5, 32526671
What are the prime factors of 1061769810?
2, 3, 5, 35392327
What are the prime factors of 1272590455?
5, 19, 31, 601, 719
What are the prime factors of 317035857?
3, 105678619
What are the prime factors of 2138771511?
3, 337, 705167
List the prime factors of 69678941.
53, 59, 22283
List the prime factors of 74616966.
2, 3, 41, 101107
What are the prime factors of 503912977?
103, 4892359
List the prime factors of 33952514.
2, 2053, 8269
What are the prime factors of 390648575?
5, 61, 256163
What are the prime factors of 3270309?
3, 7, 22247
What are the prime factors of 262127129?
11, 37, 644047
List the prime factors of 967079238.
2, 3, 17, 47, 61, 3307
What are the prime factors of 580895274?
2, 3, 149, 649771
List the prime factors of 39464838.
2, 3, 7, 97, 3229
List the prime factors of 227413280.
2, 5, 19, 239, 313
What are the prime factors of 475903873?
421, 1130413
List the prime factors of 46528844.
2, 89, 130699
What are the prime factors of 139556482?
2, 13, 19, 31, 701
List the prime factors of 393204402.
2, 3, 37, 196799
List the prime factors of 7135750049.
61, 116979509
List the prime factors of 787136137.
4649, 169313
List the prime factors of 14748709.
1429, 10321
What are the prime factors of 45200140?
2, 5, 73, 83, 373
List the prime factors of 1332016863.
3, 59, 7525519
What are the prime factors of 3408576518?
2, 17167, 99277
List the prime factors of 2683933282.
2, 1341966641
What are the prime factors of 3527303793?
3, 13, 283, 319589
List the prime factors of 1281284811.
3, 1637, 3221
List the prime factors of 4277144412.
2, 3, 199, 66337
List the prime factors of 556135114.
2, 47, 151, 39181
What are the prime factors of 338861252?
2, 4217, 20089
What are the prime factors of 490123454?
2, 31, 255007
What are the prime factors of 8993402?
2, 11, 421, 971
List the prime factors of 29226380.
2, 5, 223, 6553
What are the prime factors of 207005652?
2, 3, 7, 83, 3299
What are the prime factors of 335442605?
5, 67088521
What are the prime factors of 3832031607?
3, 101, 12646969
What are the prime factors of 30550131?
3, 3394459
What are the prime factors of 28561319?
4703, 6073
List the prime factors of 2193438508.
2, 19, 971, 29723
What are the prime factors of 127805848?
2, 23, 694597
What are the prime factors of 33348573?
3, 1429, 2593
What are the prime factors of 34382490?
2, 3, 5, 1146083
What are the prime factors of 2839633553?
2839633553
List the prime factors of 447203937.
3, 71, 2099549
What are the prime factors of 81225932?
2, 17, 73, 16363
List the prime factors of 39356828.
2, 7, 19, 29, 2551
What are the prime factors of 201278221?
23, 947, 9241
What are the prime factors of 2164653248?
2, 17, 1989571
What are the prime factors of 544709319?
3, 7, 11, 2358049
What are the prime factors of 10374102?
2, 3, 192113
List the prime factors of 30625856.
2, 29, 569
List the prime factors of 964070049.
3, 321356683
What are the prime factors of 404331905?
5, 3517, 22993
What are the prime factors of 84797173?
17, 491, 10159
What are the prime factors of 73294971?
3, 89, 223, 1231
What are the prime factors of 111951911?
111951911
What are the prime factors of 39323192?
2, 23, 213713
What are the prime factors of 2980087858?
2, 11, 135458539
What are the prime factors of 153877563?
3, 7, 61, 1483
List the prime factors of 2768898523.
2768898523
What are the prime factors of 87544258?
2, 43772129
What are the prime factors of 36008075?
5, 349, 4127
What are the prime factors of 59337172?
2, 1583, 9371
List the prime factors of 653960569.
83, 179, 44017
What are the prime factors of 219158848?
2, 61, 73, 769
What are the prime factors of 583212364?
2, 7, 659, 31607
List the prime factors of 1344335125.
5, 7, 47, 97, 337
List the prime factors of 143222391.
3, 13, 408041
List the prime factors of 45642739.
17, 73, 36779
List the prime factors of 369884506.
2, 184942253
What are the prime factors of 1218827441?
13, 93755957
What are the prime factors of 15622111?
15622111
List the prime factors of 1520349930.
2, 3, 5, 11, 67, 22921
List the prime factors of 854104589.
13, 65700353
List the prime factors of 1935881667.
3, 71699321
What are the prime factors of 3134166812?
2, 7, 19, 103, 8171
List the prime factors of 185657195.
5, 37131439
What are the prime factors of 56417854?
2, 3251, 8677
What are the prime factors of 44426796?
2, 3, 3702233
What are the prime factors of 117201253?
13, 19, 474499
What are the prime factors of 2479750109?
31, 109, 733871
What are the prime factors of 1351172566?
2, 53, 12746911
What are the prime factors of 4096411067?
7, 23, 3329, 7643
List the prime factors of 9001748.
2, 7, 59, 5449
List the prime factors of 68541018.
2, 3, 7, 13, 19, 6607
List the prime factors of 367262596.
2, 91815649
List the prime factors of 19667922.
2, 3, 3277987
List the prime factors of 5370895901.
7, 17, 41, 1009, 1091
List the prime factors of 1526002463.
6977, 218719
List the prime factors of 5802010057.
5802010057
What are the prime factors of 1034058432?
2, 3, 11, 19, 73, 353
What are the prime factors of 13941117?
3, 19, 81527
What are the prime factors of 70869748?
2, 331, 53527
What are the prime factors of 264718940?
2, 5, 13235947
List the prime factors of 629943633.
3, 11, 6363067
What are the prime factors of 1580406?
2, 3, 263401
What are the prime factors of 1273039775?
5, 7, 7274513
List the prime factors of 174717251.
73, 149, 16063
What are the prime factors of 3547097?
3547097
What are the prime factors of 14856287?
773, 19219
What are the prime factors of 2714378424?
2, 3, 29, 113, 34513
List the prime factors of 197910906.
2, 3, 17, 23, 29, 2909
What are the prime factors of 3549691609?
3549691609
List the prime factors of 3774417.
3, 1258139
What are the prime factors of 287329647?
3, 11, 19, 89, 271
List the prime factors of 1664076860.
2, 5, 83203843
What are the prime factors of 2794494166?
2, 73, 167, 114613
List the prime factors of 275987198.
2, 19, 7262821
List the prime factors of 333360935.
5, 37, 457, 3943
List the prime factors of 104706925.
5, 23, 182099
List the prime factors of 758296416.
2, 3, 7898921
What are the prime factors of 279774276?
2, 3, 137, 170179
What are the prime factors of 337560059?
337560059
What are the prime factors of 38368535?
5, 7673707
What are the prime factors of 1059853829?
103, 397, 25919
What are the prime factors of 56951788?
2, 41, 239, 1453
What are the prime factors of 60542772?
2, 3, 811, 6221
What are the prime factors of 574789164?
2, 3, 29, 1651693
What are the prime factors of 96642265?
5, 19, 151, 6737
What are the prime factors of 2777306632?
2, 347163329
List the prime factors of 199311213.
3, 17, 353, 11071
What